{"id":33,"date":"2020-09-24T01:51:57","date_gmt":"2020-09-24T04:51:57","guid":{"rendered":"https:\/\/orthosmed.com.br\/site\/?page_id=33"},"modified":"2020-09-30T05:26:04","modified_gmt":"2020-09-30T08:26:04","slug":"dra-gabriela-profirio-jardim-santos","status":"publish","type":"page","link":"https:\/\/orthosmed.com.br\/site\/equipe-medica\/dra-gabriela-profirio-jardim-santos\/","title":{"rendered":"Dra. Gabriela Profirio Jardim Santos"},"content":{"rendered":"<div class=\"wpb-content-wrapper\"><p>[vc_row css_animation=&#8221;&#8221; row_type=&#8221;row&#8221; use_row_as_full_screen_section=&#8221;yes&#8221; type=&#8221;grid&#8221; angled_section=&#8221;no&#8221; text_align=&#8221;left&#8221; background_image_as_pattern=&#8221;without_pattern&#8221; css=&#8221;.vc_custom_1601420177081{padding-top: 60px !important;}&#8221; z_index=&#8221;&#8221;][vc_column][vc_column_text]<\/p>\n<h2 style=\"text-align: center;\">Dra. Gabriela Profirio Jardim Santos<\/h2>\n<p>[\/vc_column_text][vc_column_text]<\/p>\n<h3 style=\"text-align: center;\"><span style=\"color: #999999;\">Reumatologista<\/span><\/h3>\n<p>[\/vc_column_text][vc_separator type=&#8221;small&#8221; position=&#8221;center&#8221; color=&#8221;#d32810&#8243; thickness=&#8221;3&#8243; width=&#8221;20&#8243; up=&#8221;15&#8243; down=&#8221;20&#8243;][vc_column_text]<\/p>\n<p style=\"text-align: center;\"><strong>CRM-DF: 16881<\/strong><\/p>\n<p>[\/vc_column_text][\/vc_column][\/vc_row][vc_row css_animation=&#8221;&#8221; row_type=&#8221;row&#8221; use_row_as_full_screen_section=&#8221;yes&#8221; type=&#8221;grid&#8221; angled_section=&#8221;no&#8221; text_align=&#8221;left&#8221; background_image_as_pattern=&#8221;without_pattern&#8221; css=&#8221;.vc_custom_1601418613344{padding-top: 60px !important;padding-bottom: 60px !important;}&#8221; z_index=&#8221;&#8221;][vc_column width=&#8221;1\/2&#8243;][vc_single_image image=&#8221;176&#8243; img_size=&#8221;full&#8221; qode_css_animation=&#8221;&#8221;][vc_empty_space][\/vc_column][vc_column width=&#8221;1\/2&#8243;][vc_column_text]\u2022 Resid\u00eancia em Cl\u00ednica M\u00e9dica \u2013 SES DF;<\/p>\n<p>\u2022 Resid\u00eancia em reumatologia pela UNB;<\/p>\n<p>\u2022 T\u00edtulo de especialista em Reumatologia pela Sociedade Brasileira de Reumatologia;<\/p>\n<p>\u2022 Preceptora do internato de medicina da Faculdade de Medicina FEPECS-DF;<\/p>\n<p>\u2022 Preceptora de resid\u00eancia de Cl\u00ednica M\u00e9dica- Hospital Regional de Taguatinga (HRT);<\/p>\n<p>\u2022 Membro s\u00f3cio efetivo da Sociedade de Reumatologia de Bras\u00edlia;<\/p>\n<p>\u2022 Coordenadora da Comiss\u00e3o de eventos e divulga\u00e7\u00e3o da Sociedade de Reumatologia de Bras\u00edlia (gest\u00e3o 2019\/2020);<\/p>\n<p>\u2022 Doutoranda em Ci\u00eancias M\u00e9dicas pela Faculdade de Medicina \u2013 UNB;<\/p>\n<p>\u2022 Atualmente, \u00e9 m\u00e9dica reumatologista do Hospital Regional de Taguatinga (HRT) e Cl\u00ednica Orthos;<\/p>\n<p>\u2022 <a href=\"http:\/\/buscatextual.cnpq.br\/buscatextual\/visualizacv.do?metodo=apresentar&amp;id=K4711640H0\" target=\"_blank\" rel=\"noopener noreferrer\">Curr\u00edculo Lattes<\/a>[\/vc_column_text][\/vc_column][\/vc_row][vc_row css_animation=&#8221;&#8221; row_type=&#8221;row&#8221; use_row_as_full_screen_section=&#8221;yes&#8221; type=&#8221;grid&#8221; angled_section=&#8221;no&#8221; text_align=&#8221;left&#8221; background_image_as_pattern=&#8221;without_pattern&#8221; css=&#8221;.vc_custom_1601420623826{padding-top: 60px !important;padding-bottom: 60px !important;background-color: #ffffff !important;}&#8221; z_index=&#8221;&#8221;][vc_column][vc_column_text]<\/p>\n<h2>Principais doen\u00e7as reumatol\u00f3gicas<\/h2>\n<p>[\/vc_column_text][vc_separator type=&#8221;small&#8221; position=&#8221;left&#8221; color=&#8221;#d32810&#8243; thickness=&#8221;3&#8243; width=&#8221;20&#8243; up=&#8221;15&#8243; down=&#8221;20&#8243;][vc_row_inner row_type=&#8221;row&#8221; type=&#8221;full_width&#8221; text_align=&#8221;left&#8221; css_animation=&#8221;&#8221;][vc_column_inner width=&#8221;1\/2&#8243;][vc_column_text]<\/p>\n<ul>\n<li>Osteoartrite (artrose)<\/li>\n<li>Tendinite<\/li>\n<li>Bursite<\/li>\n<li>Fibromialgia<\/li>\n<li>Gota<\/li>\n<li>Lombalgias<\/li>\n<li>Espondilose anquilosante<\/li>\n<li>Osteoporose<\/li>\n<li>Artrite reumatoide<\/li>\n<\/ul>\n<p>[\/vc_column_text][\/vc_column_inner][vc_column_inner width=&#8221;1\/2&#8243;][vc_column_text]<\/p>\n<ul>\n<li>Artrite psori\u00e1sica<\/li>\n<li>Artrite idiop\u00e1tica juvenil<\/li>\n<li>L\u00fapus<\/li>\n<li>Vasculites<\/li>\n<li>Doen\u00e7a de beh\u00e7et<\/li>\n<li>Esclerodermia<\/li>\n<li>Miosites<\/li>\n<li>S\u00edndrome de Sjogren<\/li>\n<li>Pseugota<\/li>\n<\/ul>\n<p>[\/vc_column_text][\/vc_column_inner][\/vc_row_inner][\/vc_column][\/vc_row]<\/p>\n<\/div>","protected":false},"excerpt":{"rendered":"<p>[vc_row css_animation=&#8221;&#8221; row_type=&#8221;row&#8221; use_row_as_full_screen_section=&#8221;yes&#8221; type=&#8221;grid&#8221; angled_section=&#8221;no&#8221; text_align=&#8221;left&#8221; background_image_as_pattern=&#8221;without_pattern&#8221; css=&#8221;.vc_custom_1601420177081{padding-top: 60px !important;}&#8221; z_index=&#8221;&#8221;][vc_column][vc_column_text] Dra. Gabriela Profirio Jardim Santos [\/vc_column_text][vc_column_text] Reumatologista [\/vc_column_text][vc_separator type=&#8221;small&#8221; position=&#8221;center&#8221; color=&#8221;#d32810&#8243; thickness=&#8221;3&#8243; width=&#8221;20&#8243; up=&#8221;15&#8243; down=&#8221;20&#8243;][vc_column_text] CRM-DF: 16881 [\/vc_column_text][\/vc_column][\/vc_row][vc_row css_animation=&#8221;&#8221; row_type=&#8221;row&#8221; use_row_as_full_screen_section=&#8221;yes&#8221; type=&#8221;grid&#8221; angled_section=&#8221;no&#8221; text_align=&#8221;left&#8221; background_image_as_pattern=&#8221;without_pattern&#8221; css=&#8221;.vc_custom_1601418613344{padding-top: 60px !important;padding-bottom: 60px !important;}&#8221; z_index=&#8221;&#8221;][vc_column width=&#8221;1\/2&#8243;][vc_single_image image=&#8221;176&#8243;&#8230;<\/p>\n","protected":false},"author":1,"featured_media":0,"parent":10,"menu_order":0,"comment_status":"closed","ping_status":"closed","template":"full_width.php","meta":{"footnotes":""},"class_list":["post-33","page","type-page","status-publish","hentry"],"aioseo_notices":[],"_links":{"self":[{"href":"https:\/\/orthosmed.com.br\/site\/wp-json\/wp\/v2\/pages\/33","targetHints":{"allow":["GET"]}}],"collection":[{"href":"https:\/\/orthosmed.com.br\/site\/wp-json\/wp\/v2\/pages"}],"about":[{"href":"https:\/\/orthosmed.com.br\/site\/wp-json\/wp\/v2\/types\/page"}],"author":[{"embeddable":true,"href":"https:\/\/orthosmed.com.br\/site\/wp-json\/wp\/v2\/users\/1"}],"replies":[{"embeddable":true,"href":"https:\/\/orthosmed.com.br\/site\/wp-json\/wp\/v2\/comments?post=33"}],"version-history":[{"count":3,"href":"https:\/\/orthosmed.com.br\/site\/wp-json\/wp\/v2\/pages\/33\/revisions"}],"predecessor-version":[{"id":177,"href":"https:\/\/orthosmed.com.br\/site\/wp-json\/wp\/v2\/pages\/33\/revisions\/177"}],"up":[{"embeddable":true,"href":"https:\/\/orthosmed.com.br\/site\/wp-json\/wp\/v2\/pages\/10"}],"wp:attachment":[{"href":"https:\/\/orthosmed.com.br\/site\/wp-json\/wp\/v2\/media?parent=33"}],"curies":[{"name":"wp","href":"https:\/\/api.w.org\/{rel}","templated":true}]}}