{"id":353,"date":"2020-11-12T04:51:49","date_gmt":"2020-11-12T07:51:49","guid":{"rendered":"https:\/\/orthosmed.com.br\/site\/?page_id=353"},"modified":"2020-11-23T22:19:50","modified_gmt":"2020-11-24T01:19:50","slug":"fixadores-externos-e-alongamento-osseo","status":"publish","type":"page","link":"https:\/\/orthosmed.com.br\/site\/especialidades\/ortopedia-e-traumatologia\/fixadores-externos-e-alongamento-osseo\/","title":{"rendered":"Fixadores Externos e Alongamento \u00d3sseo"},"content":{"rendered":"<div class=\"wpb-content-wrapper\"><p>[vc_row css_animation=&#8221;&#8221; row_type=&#8221;row&#8221; use_row_as_full_screen_section=&#8221;yes&#8221; type=&#8221;grid&#8221; angled_section=&#8221;no&#8221; text_align=&#8221;left&#8221; background_image_as_pattern=&#8221;without_pattern&#8221; css=&#8221;.vc_custom_1606158387014{padding-top: 60px !important;padding-bottom: 60px !important;background-color: #ffffff !important;}&#8221; z_index=&#8221;&#8221;][vc_column width=&#8221;1\/2&#8243;][vc_column_text]Os fixadores externos tiveram seu uso impulsionado durante a Segunda Guerra Mundial sendo aplicados para o tratamento de les\u00f5es graves nos membros superiores e inferiores. Ainda hoje s\u00e3o uma das principais op\u00e7\u00f5es para tratamento de fraturas graves e conseguem, em grande parte dos casos em que s\u00e3o aplicados, evitar a perda do membro lesionado. Sua grande vantagem consiste justamente em evitar que a cirurgia em si agregue mais agress\u00e3o aos tecidos pr\u00f3ximos a fratura (como m\u00fasculos e pele), uma vez que sua montagem \u00e9 realizada de maneira minimamente invasiva com uso de fios de a\u00e7o e pinos, evitando corte e manipula\u00e7\u00e3o direta dos tecidos muscular, \u00f3sseo e da pr\u00f3pria pele.<\/p>\n<p>Outra grande aplica\u00e7\u00e3o dos fixadores externos \u00e9 a corre\u00e7\u00e3o de deformidades dos membros, superiores ou inferiores. Estas deformidades podem ser cong\u00eanitas (doen\u00e7a de blount, f\u00eamur curto cong\u00eanito, etc.) ou adquiridas (sequelas de fraturas). Nestas deformidades muitas vezes s\u00e3o necess\u00e1rios tanto m\u00e9todos para alongar o osso, quanto mudar a sua angula\u00e7\u00e3o, que pode se alcan\u00e7ado de maneira abrupta ou gradual. Isso \u00e9 conseguido atrav\u00e9s da manipula\u00e7\u00e3o do fixador que est\u00e1 diretamente conectado ao osso, permitindo a manipula\u00e7\u00e3o do pr\u00f3prio osso de maneira indireta.<\/p>\n<p>O especialista nesta \u00e1rea domina todas as t\u00e9cnicas, e tamb\u00e9m a anatomia diversificada dos membros do corpo humano, para o tratamento destas doen\u00e7as complexas e que normalmente trazem grande limita\u00e7\u00e3o.[\/vc_column_text][\/vc_column][vc_column width=&#8221;1\/2&#8243;][vc_empty_space height=&#8221;25px&#8221;][vc_single_image image=&#8221;439&#8243; img_size=&#8221;full&#8221; alignment=&#8221;center&#8221; qode_css_animation=&#8221;&#8221;][\/vc_column][\/vc_row][vc_row css_animation=&#8221;&#8221; row_type=&#8221;row&#8221; use_row_as_full_screen_section=&#8221;yes&#8221; type=&#8221;grid&#8221; angled_section=&#8221;no&#8221; text_align=&#8221;left&#8221; background_image_as_pattern=&#8221;without_pattern&#8221; css=&#8221;.vc_custom_1606158482553{padding-top: 60px !important;padding-bottom: 0px !important;}&#8221; z_index=&#8221;&#8221;][vc_column][vc_column_text]<\/p>\n<h2 style=\"text-align: center;\">Nosso Especialista<\/h2>\n<p>[\/vc_column_text][vc_separator type=&#8221;small&#8221; position=&#8221;center&#8221; color=&#8221;#d32810&#8243; thickness=&#8221;3&#8243; width=&#8221;20&#8243; up=&#8221;15&#8243; down=&#8221;20&#8243;][vc_empty_space][\/vc_column][\/vc_row][vc_row css_animation=&#8221;&#8221; row_type=&#8221;row&#8221; use_row_as_full_screen_section=&#8221;yes&#8221; type=&#8221;grid&#8221; angled_section=&#8221;no&#8221; text_align=&#8221;left&#8221; background_image_as_pattern=&#8221;without_pattern&#8221; css=&#8221;.vc_custom_1606158470763{padding-top: 0px !important;padding-bottom: 60px !important;}&#8221; z_index=&#8221;&#8221;][vc_column width=&#8221;1\/2&#8243;][qode_elements_holder number_of_columns=&#8221;one_column&#8221;][qode_elements_holder_item vertical_alignment=&#8221;middle&#8221; horizontal_alignment=&#8221;center&#8221; advanced_animations=&#8221;no&#8221; background_color=&#8221;#ffffff&#8221; item_padding=&#8221;40px 40px 40px 40px&#8221;][vc_single_image image=&#8221;198&#8243; img_size=&#8221;full&#8221; alignment=&#8221;center&#8221; qode_css_animation=&#8221;&#8221;][vc_empty_space height=&#8221;20px&#8221;][vc_column_text]<\/p>\n<h3 style=\"text-align: center;\"><strong>Dr. Fernando Borges dos Santos<\/strong><\/h3>\n<p style=\"text-align: center;\">CRM-DF: 19377<\/p>\n<p>[\/vc_column_text][vc_empty_space height=&#8221;20px&#8221;]<a  itemprop=\"url\" href=\"https:\/\/orthosmed.com.br\/site\/equipe-medica\/dr-fernando-borges-dos-santos\/\" target=\"_self\" data-hover-background-color=#5b5b5b data-hover-border-color=#5b5b5b data-hover-color=#ffffff class=\"qbutton  small center default\" style=\"color: #ffffff; border-color: #d32810; border-radius: 4px;-moz-border-radius: 4px;-webkit-border-radius: 4px; background-color: #d32810;\">Saiba Mais<\/a>[\/qode_elements_holder_item][\/qode_elements_holder][\/vc_column][vc_column width=&#8221;1\/2&#8243;][\/vc_column][\/vc_row]<\/p>\n<\/div>","protected":false},"excerpt":{"rendered":"<p>[vc_row css_animation=&#8221;&#8221; row_type=&#8221;row&#8221; use_row_as_full_screen_section=&#8221;yes&#8221; type=&#8221;grid&#8221; angled_section=&#8221;no&#8221; text_align=&#8221;left&#8221; background_image_as_pattern=&#8221;without_pattern&#8221; css=&#8221;.vc_custom_1606158387014{padding-top: 60px !important;padding-bottom: 60px !important;background-color: #ffffff !important;}&#8221; z_index=&#8221;&#8221;][vc_column width=&#8221;1\/2&#8243;][vc_column_text]Os fixadores externos tiveram seu uso impulsionado durante a Segunda Guerra Mundial sendo aplicados para o tratamento de les\u00f5es graves nos membros superiores e inferiores. Ainda hoje s\u00e3o uma&#8230;<\/p>\n","protected":false},"author":1,"featured_media":0,"parent":45,"menu_order":0,"comment_status":"closed","ping_status":"closed","template":"full_width.php","meta":{"footnotes":""},"class_list":["post-353","page","type-page","status-publish","hentry"],"aioseo_notices":[],"_links":{"self":[{"href":"https:\/\/orthosmed.com.br\/site\/wp-json\/wp\/v2\/pages\/353","targetHints":{"allow":["GET"]}}],"collection":[{"href":"https:\/\/orthosmed.com.br\/site\/wp-json\/wp\/v2\/pages"}],"about":[{"href":"https:\/\/orthosmed.com.br\/site\/wp-json\/wp\/v2\/types\/page"}],"author":[{"embeddable":true,"href":"https:\/\/orthosmed.com.br\/site\/wp-json\/wp\/v2\/users\/1"}],"replies":[{"embeddable":true,"href":"https:\/\/orthosmed.com.br\/site\/wp-json\/wp\/v2\/comments?post=353"}],"version-history":[{"count":5,"href":"https:\/\/orthosmed.com.br\/site\/wp-json\/wp\/v2\/pages\/353\/revisions"}],"predecessor-version":[{"id":499,"href":"https:\/\/orthosmed.com.br\/site\/wp-json\/wp\/v2\/pages\/353\/revisions\/499"}],"up":[{"embeddable":true,"href":"https:\/\/orthosmed.com.br\/site\/wp-json\/wp\/v2\/pages\/45"}],"wp:attachment":[{"href":"https:\/\/orthosmed.com.br\/site\/wp-json\/wp\/v2\/media?parent=353"}],"curies":[{"name":"wp","href":"https:\/\/api.w.org\/{rel}","templated":true}]}}