{"id":800,"date":"2025-01-14T09:33:36","date_gmt":"2025-01-14T12:33:36","guid":{"rendered":"https:\/\/orthosmed.com.br\/site\/?page_id=800"},"modified":"2025-01-14T09:42:56","modified_gmt":"2025-01-14T12:42:56","slug":"dr-icaro-oliveira-haum","status":"publish","type":"page","link":"https:\/\/orthosmed.com.br\/site\/equipe-medica\/dr-icaro-oliveira-haum\/","title":{"rendered":"Dr. \u00cdcaro Oliveira Haum"},"content":{"rendered":"<div class=\"wpb-content-wrapper\"><p>[vc_row css_animation=&#8221;&#8221; row_type=&#8221;row&#8221; use_row_as_full_screen_section=&#8221;yes&#8221; type=&#8221;grid&#8221; angled_section=&#8221;no&#8221; text_align=&#8221;left&#8221; background_image_as_pattern=&#8221;without_pattern&#8221; css=&#8221;.vc_custom_1601420177081{padding-top: 60px !important;}&#8221; z_index=&#8221;&#8221;][vc_column][vc_column_text css=&#8221;&#8221;]<\/p>\n<h2 style=\"text-align: center;\">Dr. \u00cdcaro Oliveira Haum<\/h2>\n<p>[\/vc_column_text][vc_column_text css=&#8221;&#8221;]<\/p>\n<h3 style=\"text-align: center;\"><span style=\"color: #999999;\">Ortopedista Especialista em Joelho<\/span><\/h3>\n<p>[\/vc_column_text][vc_separator type=&#8221;small&#8221; position=&#8221;center&#8221; color=&#8221;#d32810&#8243; thickness=&#8221;3&#8243; width=&#8221;20&#8243; up=&#8221;15&#8243; down=&#8221;20&#8243;][vc_column_text css=&#8221;&#8221;]<\/p>\n<p style=\"text-align: center;\"><strong>CRM-DF: 17670<\/strong><\/p>\n<p>[\/vc_column_text][\/vc_column][\/vc_row][vc_row css_animation=&#8221;&#8221; row_type=&#8221;row&#8221; use_row_as_full_screen_section=&#8221;yes&#8221; type=&#8221;grid&#8221; angled_section=&#8221;no&#8221; text_align=&#8221;left&#8221; background_image_as_pattern=&#8221;without_pattern&#8221; css=&#8221;.vc_custom_1601418613344{padding-top: 60px !important;padding-bottom: 60px !important;}&#8221; z_index=&#8221;&#8221;][vc_column width=&#8221;1\/2&#8243;][vc_single_image image=&#8221;804&#8243; img_size=&#8221;full&#8221; css=&#8221;&#8221; qode_css_animation=&#8221;&#8221;][vc_empty_space][\/vc_column][vc_column width=&#8221;1\/2&#8243;][vc_column_text css=&#8221;&#8221;]<strong>Forma\u00e7\u00e3o Acad\u00eamica<\/strong><\/p>\n<p>\u2022 Graduado em Medicina pela Faculdade Atenas, Paracatu\/MG, conclu\u00eddo em fevereiro de 2015.<\/p>\n<p>\u2022 Resid\u00eancia M\u00e9dica em Ortopedia e Traumatologia pelo Hospital Regional de Taguatinga &#8211; HRT\/SES DF, de fevereiro de 2016 a fevereiro de 2019.<\/p>\n<p>\u2022 T\u00edtulo de especialista em Ortopedia e Traumatologia pela Sociedade Brasileira de Ortopedia (SBOT).<\/p>\n<p>&nbsp;<\/p>\n<p><strong>Forma\u00e7\u00e3o Complementar<\/strong><\/p>\n<p>\u2022 ACLS (Advanced Cardiac Life Support) certificado pela American Heart Association (AHA), 2022.<\/p>\n<p>\u2022 Curso de Fixa\u00e7\u00e3o Externa de Fratura &#8211; THLEX BASIC, S\u00e3o Paulo, 2018.<br \/>\nCurso Te\u00f3rico-Pr\u00e1tico de Artroscopia de Ombro e Joelho, ministrado pelos profissionais da COB-BSB, 2018.<\/p>\n<p>\u2022 ATLS (Advanced Trauma Life Support), 2019.<\/p>\n<p>\u2022 Fellow em Cirurgia do Joelho no Hospital Santa Lucia, 2023.<br \/>\nAtividades Profissionais:<\/p>\n<p>\u2022 Membro fundador da Liga Acad\u00eamica de Ortopedia e Traumatologia da Faculdade Atenas de Medicina, 2012.<\/p>\n<p>\u2022 Participante do simp\u00f3sio da Liga de Trauma e Cirurgia em setembro de 2012, totalizando 20 horas.<\/p>\n<p>\u2022 Participante ativo das atividades pr\u00e1ticas e te\u00f3ricas da Liga Acad\u00eamica de Ortopedia e Traumatologia em 2013.<\/p>\n<p>\u2022 Congressista no Congresso Brasileiro de Ortopedia e Traumatologia, Fortaleza\/CE, 2019.<\/p>\n<p>\u2022 Ortopedista e Traumatologista atuante na Policl\u00ednica \u00c1gua Branca, S\u00e3o Sebasti\u00e3o\/DF desde 2017.<\/p>\n<p>\u2022 Ortopedista e Traumatologista no Pronto Atendimento do Hospital Santa Marta, Taguatinga\/DF desde 2018.<\/p>\n<p>\u2022 M\u00e9dico de Ortopedia e Traumatologia no Pronto Atendimento do Hospital Regional de Santa Maria &#8211; HRSM desde 2019.[\/vc_column_text][\/vc_column][\/vc_row]<\/p>\n<\/div>","protected":false},"excerpt":{"rendered":"<p>[vc_row css_animation=&#8221;&#8221; row_type=&#8221;row&#8221; use_row_as_full_screen_section=&#8221;yes&#8221; type=&#8221;grid&#8221; angled_section=&#8221;no&#8221; text_align=&#8221;left&#8221; background_image_as_pattern=&#8221;without_pattern&#8221; css=&#8221;.vc_custom_1601420177081{padding-top: 60px !important;}&#8221; z_index=&#8221;&#8221;][vc_column][vc_column_text css=&#8221;&#8221;] Dr. \u00cdcaro Oliveira Haum [\/vc_column_text][vc_column_text css=&#8221;&#8221;] Ortopedista Especialista em Joelho [\/vc_column_text][vc_separator type=&#8221;small&#8221; position=&#8221;center&#8221; color=&#8221;#d32810&#8243; thickness=&#8221;3&#8243; width=&#8221;20&#8243; up=&#8221;15&#8243; down=&#8221;20&#8243;][vc_column_text css=&#8221;&#8221;] CRM-DF: 17670 [\/vc_column_text][\/vc_column][\/vc_row][vc_row css_animation=&#8221;&#8221; row_type=&#8221;row&#8221; use_row_as_full_screen_section=&#8221;yes&#8221; type=&#8221;grid&#8221; angled_section=&#8221;no&#8221; text_align=&#8221;left&#8221; background_image_as_pattern=&#8221;without_pattern&#8221; css=&#8221;.vc_custom_1601418613344{padding-top: 60px !important;padding-bottom:&#8230;<\/p>\n","protected":false},"author":1,"featured_media":0,"parent":10,"menu_order":0,"comment_status":"closed","ping_status":"closed","template":"full_width.php","meta":{"footnotes":""},"class_list":["post-800","page","type-page","status-publish","hentry"],"aioseo_notices":[],"_links":{"self":[{"href":"https:\/\/orthosmed.com.br\/site\/wp-json\/wp\/v2\/pages\/800","targetHints":{"allow":["GET"]}}],"collection":[{"href":"https:\/\/orthosmed.com.br\/site\/wp-json\/wp\/v2\/pages"}],"about":[{"href":"https:\/\/orthosmed.com.br\/site\/wp-json\/wp\/v2\/types\/page"}],"author":[{"embeddable":true,"href":"https:\/\/orthosmed.com.br\/site\/wp-json\/wp\/v2\/users\/1"}],"replies":[{"embeddable":true,"href":"https:\/\/orthosmed.com.br\/site\/wp-json\/wp\/v2\/comments?post=800"}],"version-history":[{"count":3,"href":"https:\/\/orthosmed.com.br\/site\/wp-json\/wp\/v2\/pages\/800\/revisions"}],"predecessor-version":[{"id":805,"href":"https:\/\/orthosmed.com.br\/site\/wp-json\/wp\/v2\/pages\/800\/revisions\/805"}],"up":[{"embeddable":true,"href":"https:\/\/orthosmed.com.br\/site\/wp-json\/wp\/v2\/pages\/10"}],"wp:attachment":[{"href":"https:\/\/orthosmed.com.br\/site\/wp-json\/wp\/v2\/media?parent=800"}],"curies":[{"name":"wp","href":"https:\/\/api.w.org\/{rel}","templated":true}]}}